er when m is divided by s.
12
Let c be (-291)/(-12) - 5/20. Suppose -2*g = 2*o - c, -2*o - 6 + 14 = -2*g. What is the remainder when o is divided by 5?
3
Suppose 12 = 3*w - 0*w, 0 = -3*u + 4*w + 23. What is the remainder when u is divided by 3?
1
Let n = -13 - -27. What is the remainder when 26 is divided by n?
12
Suppose 4*h + h = 35. Let x = 35 + -23. What is the remainder when x is divided by h?
5
Let f = -378 - -224. What is the remainder when (3 + 14/(-4))*f is divided by 26?
25
Let y(r) = -r**3 + 5*r**2 + 4*r + 6. What is the remainder when y(5) is divided by 9?
8
Let w = -3 - -19. Calculate the remainder when w is divided by 2.
0
Let l be (-681)/(-4) - (-6)/(-24). What is the remainder when (-2)/6 + l/6 is divided by 10?
8
Suppose -49 = -5*i - 7*c + 9*c, -4*i - 5*c = -26. Calculate the remainder when 62 is divided by i.
8
Suppose -2*m = -3*m - 1. Suppose -3*l - l = -144. Let o = m + l. Calculate the remainder when o is divided by 12.
11
Calculate the remainder when 42 is divided by (-2 - -4)/((-1)/(-11)).
20
Let f(x) = 26*x**2 - x - 1. Calculate the remainder when 43 is divided by f(1).
19
Suppose -2*f + 100 = 5*k + 3*f, -3*f = -3*k + 48. Let l = k + -33. What is the remainder when 9 is divided by (l/9)/(1/(-3))?
4
Suppose -576 = -3*w - 222. What is the remainder when w is divided by 12?
10
Suppose 5*w + 5*x - 425 = -0*x, 0 = 5*w + 4*x - 426. What is the remainder when w is divided by 11?
9
Let j(r) = r**2 + 18*r - 37. What is the remainder when j(-21) is divided by 14?
12
Let m(o) = o**2 + o - 21. Let g(j) = -j. Let k = -1 - 0. Let d(u) = k*m(u) - g(u). Calculate the remainder when d(0) is divided by 11.
10
Let p(f) be the first derivative of -f**4/4 + 5*f**3/3 + 7*f**2/2 + 4*f - 1. Calculate the remainder when p(6) is divided by 3.
1
Suppose 3*r - 4*m = -m + 90, 2*m = -4*r + 150. Let i = r - -14. Calculate the remainder when (4 + i)*(0 + 1) is divided by 18.
17
Let b be (-2)/(-8) + (-23)/(-4). Let k(p) = 1 + 0*p - 3 + 4*p - b*p. What is the remainder when 10 is divided by k(-3)?
2
Let o = 42 - 29. What is the remainder when o is divided by 5?
3
Let g(y) = 33*y**2 - 4*y + 1. Let a(l) = l**2 + l. Let w(j) = 4*a(j) + g(j). Calculate the remainder when w(-1) is divided by (3/2)/3 - 25/(-2).
12
Let f = 4 - -1. What is the remainder when 6 is divided by f?
1
Let k(c) = c**2 - 10*c + 1. Let m be k(10). What is the remainder when (m - 2)*(-32 - -5) is divided by 14?
13
Let p be ((-536)/(-6))/(6/9). Suppose 0 = 2*y - o - 20, 0*o + 2*o = -y + 20. Calculate the remainder when p/6 - 4/(-6) is divided by y.
11
Suppose s = 3, -a - 3*s = 2*s - 17. Suppose -5*u + 3 = -a. What is the remainder when u is divided by 1?
0
Suppose -3*r - 4*j = 2*r - 16, -2*r = 2*j - 8. Suppose f - 18 = -r*f. Let c = -8 + 18. Calculate the remainder when f is divided by c.
8
Let w be (6 + -8)/(2/6). Let t be w/(-4)*56/21. Suppose 3*v + 2*c - 142 = 4*c, -t*c - 8 = 0. What is the remainder when v is divided by 16?
14
Suppose r = 63 + 2. Calculate the remainder when r is divided by 22.
21
Suppose 9*b - 45 + 9 = 0. Calculate the remainder when 5 is divided by b.
1
Suppose 2*g = 3*w - 2*w + 7, 4*w + 2 = -5*g. Calculate the remainder when 5 is divided by g.
1
Let o = 86 - 43. Calculate the remainder when o is divided by 11.
10
Let o(v) = -2*v**3 + 23*v**2 + 6*v - 8. What is the remainder when o(11) is divided by 20?
19
Let i = -7 - -11. Suppose 3*k - 4 = -5*f, 5 = -3*f + i*k + 19. Let a = -1 + 5. Calculate the remainder when a is divided by f.
0
Let v(h) = h**3 + 5*h**2 - 2*h - 1. Let j be v(-5). Let t = -1 + j. What is the remainder when 14 is divided by t?
6
Suppose 4*p + m - 39 = -195, 2*p = 4*m - 96. Let y = 66 + p. What is the remainder when y is divided by 3 + -1 + 7 - 0?
8
Suppose -2*h - 2 - 10 = 0. Calculate the remainder when 3 is divided by (1 - -1)/(h/(-3)).
0
Let j = 10 + 12. What is the remainder when 64 is divided by j?
20
Calculate the remainder when (-134)/(-3) - (-8)/24 is divided by 16.
13
Let v(w) = -3*w - 48. Suppose 0 = 2*a + 3*s, 0*a - 4*s = 3*a - 2. What is the remainder when a is divided by v(-17)?
0
Let p(b) = 19*b - 1. Calculate the remainder when p(3) is divided by 15.
11
Suppose -i + 11 + 4 = 0. What is the remainder when 54 is divided by i?
9
Let l = -26 - -56. Suppose -2*s = -7*s + 55. What is the remainder when l is divided by s?
8
Let s(y) = y**3 - 3*y**2 + 2*y - 1. Let q be s(3). Suppose 0*d = -q*d + 95. Let b = d - 13. Calculate the remainder when 9 is divided by b.
3
Suppose 2*u - 71 = -5*c + 2*c, 0 = 5*u + 2*c - 172. What is the remainder when u is divided by 9?
7
Suppose 0 = 3*c + 73 - 127. What is the remainder when 124 is divided by c?
16
What is the remainder when ((-910)/(-56))/((-1)/(-4)) is divided by 11?
10
Let c(i) = -4*i - 43. What is the remainder when 170 is divided by c(-22)?
35
Let r = -143 - -144. Let u = 0 - -1. What is the remainder when u is divided by r?
0
Suppose 20 = 8*m - 4*m. Calculate the remainder when 27 is divided by m.
2
Suppose -5*o - v + 9 = -27, 2*o - 20 = v. Calculate the remainder when o is divided by 6.
2
Let v(t) = t**2 + 8*t + 11. Let s be v(-9). Suppose 0 = c - 2*c + s. Let l = 133 - 95. Calculate the remainder when l is divided by c.
18
Let n(a) = a**2 - 2. Let j be ((-6)/4)/((-7)/(-14)). What is the remainder when 26 is divided by n(j)?
5
Let i = 7 - 2. Suppose 1 + i = 3*o. Calculate the remainder when (-14)/(-3) - (-1)/3 is divided by o.
1
Suppose 2*f + r + 66 = 4*f, -3*f - 2*r = -106. Calculate the remainder when f is divided by (18/15)/(2/30).
16
What is the remainder when 26 + -2*3/6 is divided by 14?
11
Let h(n) = 4*n**3 - 2*n**2 - n. Let k be h(-1). Let v(b) = -4*b + 4. Calculate the remainder when v(k) is divided by 9.
6
Let o = 144 + -49. Calculate the remainder when o is divided by 8.
7
Calculate the remainder when 10/(-4)*(-1 + 346/(-10)) is divided by 31.
27
Let h(d) be the second derivative of d**3/6 + d**2/2 - d. Let o = 6 + 0. Calculate the remainder when h(o) is divided by 4.
3
Suppose 0 = 9*j - 7*j - 48. Calculate the remainder when 93 is divided by j.
21
Let u(a) = a**2 + 7*a - 13. Calculate the remainder when (-672)/(-10) + 3/(-15) is divided by u(-10).
16
Suppose 0*q + q - 5 = 0. Let c = q - -1. Let v = -1 + c. Calculate the remainder when 7 is divided by v.
2
What is the remainder when (-67)/(4/10*(-40)/16) is divided by 26?
15
Let q(n) = -4 + 5 - 6 + 4 + 10*n. What is the remainder when q(1) is divided by 4?
1
Let f = -64 + 174. Suppose 0 = 7*a - 2*a - f. Calculate the remainder when 65 is divided by a.
21
Let f(x) be the first derivative of -1 - 10*x - 7/2*x**2. Calculate the remainder when f(-7) is divided by 20.
19
Suppose -5*t + 0*k - 5*k = -170, 4*k = 5*t - 197. What is the remainder when 73 is divided by t?
36
Suppose 20 + 10 = 2*f. Calculate the remainder when 56 is divided by f.
11
Let w = -1 + -1. Calculate the remainder when 43 is divided by w/(-4) - (-116)/8.
13
Let d = 41 - 38. What is the remainder when 10 is divided by d?
1
Let x be (-3 - (-5)/2)*-8. Suppose x*b - 4 = -5*j + 5, -4*j = 12. What is the remainder when 21 is divided by b?
3
Suppose 26 = 6*w - 46. What is the remainder when 25 is divided by w?
1
Suppose -35 = -4*g + 113. Calculate the remainder when g is divided by 20.
17
Let h = -29 + 30. Calculate the remainder when 15 is divided by h/(-1 - 9/(-8)).
7
Let w(m) = m**3 + 4*m**2 - m. Let a(y) = y**3 - y**2 + y. Let h(d) = 2*a(d) + w(d). Calculate the remainder when h(3) is divided by 26.
24
Let y be 4/(-24) + (-13)/(-6). Calculate the remainder when 36 is divided by y/(-2)*65/(-5).
10
Suppose -2*j = 8, j - 2*j = -5*h + 299. Calculate the remainder when h is divided by 15.
14
Let t = -56 - -80. What is the remainder when t is divided by 5?
4
What is the remainder when 26 - (4 + -7 + 3) is divided by 14?
12
Let k(z) be the second derivative of z**5/20 - z**4/4 + z**3 - z. Let y be k(4). Let x = y + -29. Calculate the remainder when 31 is divided by x.
9
Let s = -1 - -7. Let f(l) = -l**3 + 7*l**2 - 6*l + 5. What is the remainder when 18 is divided by f(s)?
3
Let f(k) = -6*k**3 - 4*k**2 - 6*k - 4. What is the remainder when f(-2) is divided by 9?
4
Let n(a) = 4*a. Calculate the remainder when (26/6 - 5)*-33 is divided by n(3).
10
Let g(b) = b**3 - 4*b**2 + 4*